+ d**4/24 - 17*d**3/6 - 11*d**2. Let s be b(-9). Suppose -3*o + 8*o = s. What is the units digit of o?
2
Suppose 0 = 4*q - 6*q + 198. Suppose -5*s - 25 = v + 21, 2*s = -3*v - q. Let b = 46 - v. What is the tens digit of b?
7
Let l(q) = 2*q**2 + 6*q - 1. Suppose -4*z = -2*i - 8, -3*z = 4*i + i - 32. Suppose -i*f - 18 = -f. What is the tens digit of l(f)?
3
Let o(s) = 20*s**2 - 4*s + 1. Let x(r) = -60*r**2 + 11*r - 3. Let t(c) = 8*o(c) + 3*x(c). Let g be t(1). What is the units digit of (1 + (-556)/g)*80/12?
2
Let s(c) = -c**3 + 5*c**2 + 7*c + 5. Let h be s(6). Suppose 13*n = 7*n + h*n. Suppose n = -21*j + 20*j + 74. What is the tens digit of j?
7
Let z = -413 + 397. Let y(b) = 3*b**2 + 24*b + 29. What is the tens digit of y(z)?
1
Let u(g) = -7*g - 5. Let f = 36 + -35. Suppose -f + 10 = -b. What is the tens digit of u(b)?
5
Suppose 0 = -4*r + 34 + 2. Suppose r*m - 191 = -2. What is the tens digit of (0 + m/12)*32?
5
Suppose -14*k - 34*k + 203898 = -14*k. What is the hundreds digit of k?
9
Let n(a) = 99*a**2 - 21*a + 129. What is the thousands digit of n(20)?
9
Let r = -8 - -13. Suppose -r*b + 116 + 89 = 0. Suppose -m = -b - 50. What is the units digit of m?
1
Let n = 110 + -99. Suppose 10136 = n*i + 1347. What is the hundreds digit of i?
7
Suppose 0 = 8*f - 10*f - 24. Let c be 4/10 - f/(-90)*-12. What is the tens digit of ((96/7)/4)/(c/21)?
3
Suppose -2*i + 74577 = 5*w, 5*w - 17 = -42. What is the ten thousands digit of i?
3
Let q(x) = 2*x - 23. Let k be q(14). Suppose -k*u - 514 = -1574. What is the units digit of u?
2
Suppose -19*v = -11*v. Suppose v = 3*t + j - 2333, -759 = -6*t + 5*t - 5*j. What is the tens digit of t?
7
Let i(y) = -1008*y - 43. Let p be i(-2). Let l = -1142 + p. What is the tens digit of l?
3
Suppose -11368 = 21*d - 43666. Suppose 2*r - d = -1162. What is the units digit of r?
8
Let p(x) = -8*x + 22. Let v be p(-7). Suppose 5*f - 104 = -4*l - 0*f, v = 3*l - 4*f. Let g = l + 29. What is the units digit of g?
5
What is the tens digit of -13220*(-63)/(-336)*(-8)/3?
1
Let q be 2*3/(-12)*-8. Suppose l = -q*a - l + 4, -4*a - 4*l - 4 = 0. Suppose -5*b + 4*r - a*r = -474, -194 = -2*b - 4*r. What is the tens digit of b?
9
Let v(r) = 253*r - 118. What is the thousands digit of v(25)?
6
Let i = 9021 - -6184. What is the hundreds digit of i?
2
Suppose 36 = q + 4*o - 36, -q = -2*o - 60. Let w = -32 + q. Suppose -9*m + 7*m + w = 0. What is the units digit of m?
6
What is the tens digit of (225 + -216)*(-2420)/(-18)?
1
Let q be -12 + (-1 - (2 + -5)). Let c = q - 50. Let v = c - -102. What is the tens digit of v?
4
Let t be 1401/(-6)*(-20)/(-10). Let v = t - -1585. Suppose 0 = -16*x + 66 + v. What is the units digit of x?
4
Suppose 2*q - 332 = -4*c, c = -2*q + 4*q - 322. Suppose 5*h = -2*j + q, -4*j = -5*j + 2*h + 99. What is the tens digit of j?
9
Suppose 23*w = 203789 + 92612. What is the ten thousands digit of w?
1
Let o(n) = -2085*n - 10831. What is the thousands digit of o(-14)?
8
Suppose 22*o - 23*o = -2456. Suppose -2*z - o = -0*n - 4*n, -3*z + 1228 = 2*n. Suppose 4*g + 2*w + 2*w = 600, -3*w = -4*g + n. What is the units digit of g?
2
Let h = 2399 - 429. What is the thousands digit of h?
1
What is the units digit of 2/(-3)*((-17967)/26 + (-330)/715)?
1
Let a = 386 - 374. Let m(n) = -n**3 + 14*n**2 - 19*n - 38. What is the units digit of m(a)?
2
Let c be 6/(-27) - ((-94)/18 + 3). Suppose 6*f + 20 = f, -c*k - 10 = 2*f. What is the units digit of (1/(k/(-58)))/(2 - 0)?
9
Suppose s - 48 = -4*s + r, 0 = -r - 3. Let z(u) = 19*u + 155. What is the tens digit of z(s)?
2
Let k be (-6)/8 - (5 + (-85)/(-20)). Let h = 13 + k. Let p(a) = 4*a**3 - 4*a**2 + 3. What is the units digit of p(h)?
5
Let b = -36 - -39. Let a be 42/(-63) - (-14)/b. Suppose -12 = 3*j, q + j - a*j - 77 = 0. What is the tens digit of q?
6
Let p(k) = 6033*k - 2902. What is the hundreds digit of p(5)?
2
Let l be 1 - 4/4 - (-23)/1. Let g = -32 + l. Let v = g + 83. What is the tens digit of v?
7
Let d(k) = -k + 14. Let c be d(-11). Suppose -40 = -27*s + c*s. What is the tens digit of 15*1/(s/48)?
3
Let z(b) = 263*b - 129. Let t be -4 - -6 - (11 + -12). What is the units digit of z(t)?
0
Suppose -37184 = -4*v + 3*w, 0 = -581*w + 586*w + 20. What is the thousands digit of v?
9
Let o = -1305 - -659. What is the hundreds digit of (o/(-76))/(2/356)?
5
Let z be 10543/(-52) - 2/8. Let v = 263 + z. What is the units digit of v?
0
Let i be 14628/28 - (-3)/(-7). Suppose 10*a + i = 3222. What is the tens digit of a?
7
Let g = 928 + 781. Suppose -5*t + 171 = -g. What is the units digit of t?
6
Let p(q) = -17 - q**3 + 1 - 20*q**2 - 28*q - 17 + 4. What is the hundreds digit of p(-20)?
5
Suppose -5*q + 41*x = 36*x - 21870, 0 = 4*q + 2*x - 17466. What is the units digit of q?
9
Suppose 4*y = 5*k + 13240 + 18438, 24 = 4*k. What is the tens digit of y?
2
Suppose 0 = 2*n - 3*n + 359. Let h = -275 + n. What is the units digit of h?
4
Suppose -31*v = 148174 - 712935 - 589431. What is the ten thousands digit of v?
3
Suppose -8*q = 16350 + 4130. Let p = 3717 + q. What is the thousands digit of p?
1
Let y = 172 - 11. Let j = 49 - y. Let c = j + 270. What is the units digit of c?
8
Suppose -8*r = 6 + 2. What is the units digit of (52/3)/r*69/(-46)?
6
Suppose 104*i - 85*i - 483759 = 0. What is the tens digit of i?
6
What is the units digit of 0 - 476853/(-15) - (13 - (-1856)/(-145))?
0
Suppose 24*d + 64*d = 133*d - 2458890. What is the ten thousands digit of d?
5
Let k be 1/(-1) + 2 + 0. Suppose -5*p = 3*v - k - 9, -5*p - 25 = -4*v. What is the units digit of (0 - 4) + p + 14?
9
Suppose 3*o = -o + 4*p + 440, -2*o = -5*p - 217. Suppose 23*t = -3 + 26. Let x = o + t. What is the hundreds digit of x?
1
Let h(l) = 3*l**2 - 8*l + 4*l + 8*l**2 - 7*l**2 - 14*l + 206. What is the thousands digit of h(18)?
1
Let j = -49 + 85. Let v = j + -24. Suppose h = 98 - v. What is the units digit of h?
6
Let x(v) be the first derivative of v**4/4 + 2*v**3 - 63*v**2/2 - 14*v + 200. What is the units digit of x(6)?
0
Let x = 281 + -281. What is the units digit of x + 3/(-15) + (-10056)/(-30)?
5
Suppose 5*p - 2*r - 311 = 2*r, 3*p = 2*r + 187. Let h = -63 + p. Suppose w = g - h*w - 45, 2*g - 5*w - 81 = 0. What is the units digit of g?
8
Let o(f) = -104*f - 1. Let r be o(-2). Suppose 99 = -4*c + r. Let z = 65 - c. What is the units digit of z?
8
Let p = 45012 + -11212. What is the thousands digit of p?
3
Let o(y) = -11*y**2 + 259*y - 133. Let d be o(23). Let g = 359 - -148. Suppose k = d*z - 492, 10*z - 5*z + 4*k - g = 0. What is the tens digit of z?
9
Suppose -69966 = -19*p + p. Suppose 21*f + 2*f - p = 0. What is the hundreds digit of f?
1
Let n be 4/34 - 128/(-68). Suppose 6*w - n*w = 4*y - 28, 3*y - 21 = 2*w. Suppose m = y*m - 168. What is the tens digit of m?
2
Let f(q) = 12265*q**2 + 598*q + 1191. What is the hundreds digit of f(-2)?
0
Suppose -3*o = -v + 26329, 0 = 3*v - 5*v - 3*o + 52640. What is the hundreds digit of v?
3
Let s(t) = t**2 - 10*t + 33. Let l be s(5). What is the hundreds digit of (1 + 210)/((-76)/l - -10)?
4
Suppose -3*j + 5211 = 2*o, 5*o - 4*j = 11683 + 1310. What is the tens digit of o?
0
Let x = 3788 - 3157. What is the units digit of x?
1
Let o(a) = 365*a - 595. What is the thousands digit of o(19)?
6
Let r(x) = 4*x**2 - 17*x + 122. Let l = 485 + -478. What is the tens digit of r(l)?
9
Suppose -8*i = -19*i + 55. Suppose -3*t + 1784 = 3*d + 23, 0 = 3*t + i*d - 1761. Suppose 7*u - 659 = t. What is the tens digit of u?
7
Let r(f) = -f**3 + 4*f**2 + 2*f - 7. Let b be r(4). What is the units digit of (-63)/252 + (b - 685/(-4))?
2
Suppose 3*d = 4*y + 2*d - 3102, 0 = 4*y + 3*d - 3110. Let q = 1147 - y. Suppose -3*p - 138 = -5*z + q, 5*z + 2*p - 494 = 0. What is the tens digit of z?
0
Let w(h) = -222*h - 1683. What is the hundreds digit of w(-112)?
1
Let f(q) = -222*q**2 + q - 4. Let w be f(2). Let y = -509 - w. What is the units digit of y?
1
Suppose -57 + 49 = -2*j. Suppose -15 = j*q + 1, 0 = -5*n + 2*q + 3158. What is the tens digit of n?
3
Let j = -24012 - -34993. What is the hundreds digit of j?
9
Suppose 3*a = 6, 0 = q - 5*q + 5*a + 34. Let b(g) = -g**3 + 18*g**2 + 16*g - 17. What is the units digit of b(q)?
6
Let m = 68 + -57. What is the tens digit of 950 - (m + -5)*3/(-9)?
5
Let a be ((-84)/105